{"id":285,"date":"2019-07-30T14:20:46","date_gmt":"2019-07-30T12:20:46","guid":{"rendered":"https:\/\/flecklashexen.de\/wordpress\/?page_id=285"},"modified":"2019-07-30T14:31:46","modified_gmt":"2019-07-30T12:31:46","slug":"impressum","status":"publish","type":"page","link":"https:\/\/flecklashexen.de\/Startseite\/impressum\/","title":{"rendered":"Impressum"},"content":{"rendered":"\n<p>Faschingskomitee Allersberg e.V.<\/p>\n\n\n\n<p>1.Vorstand<\/p>\n\n\n\n<p>Bastian Sch\u00f6ll<\/p>\n\n\n\n<p>Unter der Harbruck 44<\/p>\n\n\n\n<p>D-90584 Allersberg<\/p>\n\n\n\n<p>Verantwortlich f\u00fcr den Internet-Auftritt<\/p>\n\n\n\n<p>D-90584 Allersberg<\/p>\n\n\n\n<p>Haftungsausschlu\u00df<\/p>\n\n\n\n<p>1. Inhalt des Online-Auftritts<\/p>\n\n\n\n<p>Das Faschingskomitee Allersberg e.V und die an der Erstellung dieses Online-Auftritts\n    beteiligten Einzelpersonen (nachfolgend die Autoren) \u00fcbernehmen keine Gew\u00e4hr f\u00fcr\n    die Aktualit\u00e4t, Korrektheit und Vollst\u00e4ndigkeit der bereitgestellten Informationen.\n    Haftungsanspr\u00fcche gegen die Autoren, welche sich auf Sch\u00e4den materieller oder ideeller\n    Art beziehen, die durch die Nutzung oder Nichtnutzung der dargebotenen Informationen\n    verursacht wurden, sind grunds\u00e4tzlich ausgeschlossen. Die Autoren behalten sich ausdr\u00fccklich\n    vor, Teile der Seiten oder das gesamte Online-Auftritts ohne besondere Ank\u00fcndigung\n    zu ver\u00e4ndern, zu l\u00f6schen oder die Ver\u00f6ffentlichung endg\u00fcltig oder zeitweise einzustellen.<\/p>\n\n\n\n<p>2. Links\/ Verweise<\/p>\n\n\n\n<p>Bei direkten oder indirekten Links\/Verweisen auf andere bzw. fremde Web-Seiten\/ Online-Auftritte\n    besteht ausdr\u00fccklich keine Haftungsverpflichtung der Autoren \u00fcber die jeweils aktuellen\n    gesetzlichen Rahmenbedingungen der Bundesrepublik Deutschland hinaus. Die Autoren\n    erkl\u00e4ren hiermit ausdr\u00fccklich, dass zum Zeitpunkt der Linksetzung keine illegalen\n    Inhalte auf den zu verlinkenden Seiten erkennbar waren. Auf die aktuelle und zuk\u00fcnftige\n    Gestaltung und auf die aktuellen und zuk\u00fcnftigen Inhalte der mit unserm Internetauftritt\n    verlinkten Seiten bzw. Online-Auftritte haben die Autoren keinerlei Einfluss. Deshalb\n    distanzieren sich die Autoren hiermit ausdr\u00fccklich von allen Inhalten aller verlinkten\n    Seiten mit unserem Internetauftritt. Diese Festsstellung gilt f\u00fcr alle innerhalb\n    des eigenen Online-Auftritts gesetzten Links\/Verweise, sowie f\u00fcr Fremdeintr\u00e4ge in\n    den von den Autoren eingerichteten G\u00e4steb\u00fcchern, Diskussionsforen, Mailinglisten,\n    Chatrooms etc. F\u00fcr illegale, fehlerhafte oder unvollst\u00e4ndige Inhalte und insbesondere\n    f\u00fcr Sch\u00e4den, die aus der Nutzung oder Nicht-Nutzung dargebotener Informationen entstehen,\n    haftet allein der Anbieter der Seite\/Online-Auftritte, auf welche verlinkt\/verwiesen\n    wurde, nicht die Autoren.<\/p>\n\n\n\n<p>3. Urheberrecht<\/p>\n\n\n\n<p>Das Copyright f\u00fcr ver\u00f6ffentlichte, von den Autoren selbst erstellte Objekte liegt\n    allein bei den Autoren des Internetauftritts. Eine Vervielf\u00e4ltigung oder Verwendung\n    s\u00e4mtlicher Inhalte in anderen elektronischen oder gedruckten Publikationen oder Medien\n    ist ohne ausdr\u00fcckliche und schriftliche Zustimmung der Autoren, namentlich Faschingskomitte\n    Allersberg e.V., nicht gestattet.<\/p>\n\n\n\n<p>4. Datenschutz<\/p>\n\n\n\n<p>Sofern innerhalb des Online-Auftritts die M\u00f6glichkeit zur Eingabe pers\u00f6nlicher oder\n    gesch\u00e4ftlicher Daten besteht, so erfolgt die Preisgabe dieser Daten seitens des Nutzers\n    ausdr\u00fccklich auf freiwilliger Basis. Die Nutzung der im Rahmen des Impressums oder\n    vergleichbarer Angaben ver\u00f6ffentlichten Kontakt- und Kommunikationsdaten wie Postanschriften,\n    Telefon- und Faxnummern, sowie Emailadressen durch Dritte zur \u00dcbersendung nicht ausdr\u00fccklich\n    von den Autoren angeforderter Informationen ist nicht gestattet. Rechtliche Schritte\n    gegen die Versender bei Verst\u00f6\u00dfen gegen dieses Verbot behalten sich die Autoren ausdr\u00fccklich\n    vor.<\/p>\n\n\n\n<p>5. Rechtswirksamkeit dieses Haftungsausschlusses<\/p>\n\n\n\n<p>Sofern Formulierungen dieses Textes der aktuellen Rechtslage nicht, nicht mehr oder\n    nicht vollst\u00e4ndig entsprechen sollten, bleiben die \u00fcbrigen Teile des Dokuments in\n    ihrem Inhalt und Ihrer G\u00fcltigkeit davon unber\u00fchrt (salvatorische Klausel).<\/p>\n","protected":false},"excerpt":{"rendered":"<p>Faschingskomitee Allersberg e.V. 1.Vorstand Bastian Sch\u00f6ll Unter der Harbruck 44 D-90584 Allersberg Verantwortlich f\u00fcr den Internet-Auftritt D-90584 Allersberg Haftungsausschlu\u00df 1. Inhalt des Online-Auftritts Das Faschingskomitee Allersberg e.V und die an der Erstellung dieses Online-Auftritts beteiligten Einzelpersonen (nachfolgend die Autoren) \u00fcbernehmen keine Gew\u00e4hr f\u00fcr die Aktualit\u00e4t, Korrektheit und Vollst\u00e4ndigkeit der bereitgestellten [&hellip;]<\/p>\n","protected":false},"author":1,"featured_media":0,"parent":0,"menu_order":0,"comment_status":"closed","ping_status":"closed","template":"","meta":{"_coblocks_attr":"","_coblocks_dimensions":"","_coblocks_responsive_height":"","_coblocks_accordion_ie_support":"","_uag_custom_page_level_css":"","ngg_post_thumbnail":0,"footnotes":""},"class_list":["post-285","page","type-page","status-publish","hentry"],"uagb_featured_image_src":{"full":false,"thumbnail":false,"medium":false,"medium_large":false,"large":false,"1536x1536":false,"2048x2048":false,"hestia-blog":false},"uagb_author_info":{"display_name":"Madders2704","author_link":"https:\/\/flecklashexen.de\/Startseite\/author\/madders2704\/"},"uagb_comment_info":0,"uagb_excerpt":"Faschingskomitee Allersberg e.V. 1.Vorstand Bastian Sch\u00f6ll Unter der Harbruck 44 D-90584 Allersberg Verantwortlich f\u00fcr den Internet-Auftritt D-90584 Allersberg Haftungsausschlu\u00df 1. Inhalt des Online-Auftritts Das Faschingskomitee Allersberg e.V und die an der Erstellung dieses Online-Auftritts beteiligten Einzelpersonen (nachfolgend die Autoren) \u00fcbernehmen keine Gew\u00e4hr f\u00fcr die Aktualit\u00e4t, Korrektheit und Vollst\u00e4ndigkeit der bereitgestellten [&hellip;]","jetpack_sharing_enabled":true,"_links":{"self":[{"href":"https:\/\/flecklashexen.de\/Startseite\/wp-json\/wp\/v2\/pages\/285","targetHints":{"allow":["GET"]}}],"collection":[{"href":"https:\/\/flecklashexen.de\/Startseite\/wp-json\/wp\/v2\/pages"}],"about":[{"href":"https:\/\/flecklashexen.de\/Startseite\/wp-json\/wp\/v2\/types\/page"}],"author":[{"embeddable":true,"href":"https:\/\/flecklashexen.de\/Startseite\/wp-json\/wp\/v2\/users\/1"}],"replies":[{"embeddable":true,"href":"https:\/\/flecklashexen.de\/Startseite\/wp-json\/wp\/v2\/comments?post=285"}],"version-history":[{"count":3,"href":"https:\/\/flecklashexen.de\/Startseite\/wp-json\/wp\/v2\/pages\/285\/revisions"}],"predecessor-version":[{"id":300,"href":"https:\/\/flecklashexen.de\/Startseite\/wp-json\/wp\/v2\/pages\/285\/revisions\/300"}],"wp:attachment":[{"href":"https:\/\/flecklashexen.de\/Startseite\/wp-json\/wp\/v2\/media?parent=285"}],"curies":[{"name":"wp","href":"https:\/\/api.w.org\/{rel}","templated":true}]}}